x + 6 + 2 + 7*x. Let w be o(-4). Suppose 0 = 5*s + 2*c - w - 7, 0 = 3*c - 9. What is the units digit of s?
5
Let s(g) = 124*g. Let m be s(1). Let c = m - 31. What is the units digit of c?
3
Suppose 7*j = -2*j. Suppose 3*d - 60 = -j*d. What is the units digit of d?
0
Suppose -4*w - 11*w = -30. Suppose l = -w*p + 332, -5*p - 2*l = -5*l - 819. What is the hundreds digit of p?
1
Suppose -d + 52 = -3*t, -d + 7*t + 24 = 11*t. What is the tens digit of d?
4
What is the units digit of (-1)/((-6)/183)*62?
1
Let h(f) = -2*f + 11. Let a be h(4). What is the units digit of 27*(a - (5 - 5))?
1
Suppose 0 = -t - 2*t + 3. Suppose 7 = -v + 4*h, 2 = -2*v - 2*h + 18. Suppose -5*x - 3 = 2*a, -3*x = -v*a - t + 9. What is the units digit of a?
1
Let b = -134 + 244. Let p = b - -41. What is the units digit of p?
1
Let r = 1625 - 661. What is the units digit of r?
4
Suppose -25*d + 30*d - 15 = 0. What is the units digit of 8/d*(-234)/(-13)?
8
Let u be 10/15*(-6)/4. Let f be u*7/((-28)/(-16)). Let g(d) = -d**3 - d**2 + 7*d + 6. What is the tens digit of g(f)?
2
Suppose 4*w = -2*v + 98, 5*v - 260 = w + 29. Suppose 440 = v*t - 53*t. What is the units digit of t?
0
Suppose -3*a + 36 = -174. Let r be a/21 - (-2)/(-6). Suppose 5*q - 180 = q - 3*d, 0 = r*q - 5*d - 164. What is the tens digit of q?
4
Suppose 2*t - 2 = 0, 5*r + 2*t + 24 = 3*r. Let j(o) = -o**3 - 14*o**2 - 18*o - 11. Let n be j(r). Suppose 4*l - n + 14 = 0. What is the units digit of l?
0
What is the thousands digit of 26*(-711)/54*-3?
1
Let t = -37 + -16. Let j = 153 + t. Suppose 25 = f - l, 0 = 3*f + l + l - j. What is the tens digit of f?
3
Let k = -6 - -7. Let t(q) = 2*q**3 + q**2 - 2*q + 1. Let i be t(k). Let p = 8 + i. What is the units digit of p?
0
Suppose -5 = -2*m - 1. Let i(o) = -8*o**2 + 3*o - 2. Let a(c) = -40*c**2 + 14*c - 10. Let x(f) = -3*a(f) + 14*i(f). What is the tens digit of x(m)?
3
Let o = -11 + 35. Suppose -3*n = 3*f - 2 - 7, 2*f + o = 4*n. Suppose 0 = -n*r + 21 + 239. What is the tens digit of r?
5
Let i(t) = 3*t - 3. Let q(o) = o**3 + 6*o**2 + o + 8. Let s be q(-6). Let n be i(s). Suppose 5*h - n*c - 24 = h, -4*h + 32 = -5*c. What is the units digit of h?
3
Suppose 0 = b + 3*b - 32. Let d(c) = 8*c**3 - 3*c**2 + 3*c + 2. Let k be d(2). What is the tens digit of -3*b/k*-90?
3
Let x = 340 - 133. What is the units digit of x?
7
What is the units digit of (-3 + -4 + 4)/(12/(-8104))?
6
Let q be (-1 + 1 - 0)/(3 + -5). Suppose q = -4*j - 20, -2*l - 2*j = -3*j - 181. What is the units digit of l?
8
Suppose 0 = 2*k - 3*i - 606 - 387, -2*k + i + 987 = 0. What is the hundreds digit of k?
4
Suppose -35*q + 30*q + 7760 = 0. What is the hundreds digit of q?
5
Suppose 0 = j + 5, 3*d - 306 = 2*d - j. Let w = d + -180. What is the hundreds digit of w?
1
Suppose 1 = -2*p - 5*k + 6, 2*k = -10. What is the units digit of 4/(-30) - (-47)/p?
3
Let l be ((-3)/(-2))/(1/6). Let f be l/(-6)*6/(-3). Suppose -f + 0 = -2*j - m, -2*m = -2*j. What is the units digit of j?
1
Suppose 0*k = j + 2*k - 209, -5*k = 2*j - 420. What is the tens digit of j?
0
Let v(m) = -m**3 - 13*m**2 - m + 2. Let k be v(-13). What is the units digit of 942/k - (2/(-5))/2?
3
Let g(j) = 5*j - 25. Let o be g(6). Suppose -5*n - o*f + 380 = 0, -2*n - 4*f + 231 = n. What is the tens digit of n?
7
Let j be 1/2*(-18)/(-9). Let r(s) = 21*s**3 - s**2 + 3*s - 2. What is the units digit of r(j)?
1
Let c(k) = -2*k**3 + 33*k**2 + 16*k - 3. What is the units digit of c(-6)?
1
What is the units digit of 4/(-1) + 46 + 1972?
4
What is the hundreds digit of (-136)/6*(-8 + (-6465)/30)?
0
Let y(h) = 261*h**3 + h**2 + h - 1. Let q be y(1). Let l = q + -187. Suppose -5*v = -2*v - l. What is the units digit of v?
5
Let m(y) = -y**3 + 9*y**2 - 3*y + 3. Let v be m(7). Let s = -34 + v. What is the tens digit of s?
4
Let j = -18 + 47. Let t = j + -16. Suppose 0 = 5*v + 3*b - 22, 4*v + b + 1 = t. What is the units digit of v?
2
Suppose 33*z - 34*z + 1248 = 0. What is the thousands digit of z?
1
Suppose 0 = -5*r + 4*r + 5*n + 453, n + 1317 = 3*r. What is the units digit of r?
8
Let j(r) = r**2 - 17*r - 94. What is the units digit of j(-14)?
0
What is the units digit of (-35)/(-14)*2 - -188?
3
Suppose 4*u - 13 = o + 168, 2*o = -3*u + 144. Let s(l) = -l**3 + 2*l**2 + 4*l + 1. Let b be s(3). Suppose -b*k = -2*k - u. What is the units digit of k?
3
Suppose -20 = -5*a + 5. Suppose 3*y - y + t = 6, t = -a*y + 15. Suppose 4*w - y*w = 16. What is the units digit of w?
6
Let a be (-10896)/(-40) + (-6)/(-10). Suppose -q = -4*i + 583 + a, 0 = -3*i + q + 641. Suppose -4*f + i = 3*p, -2*p + 0*p = -2. What is the units digit of f?
3
Let g(q) = 45*q - 148. What is the hundreds digit of g(13)?
4
Suppose 5*c - 3*y = 54, 5*c - y - 62 = -2*y. Suppose 5*r = 3*q + q - c, 0 = 3*q + 4*r - 9. Suppose -5*m + q*m + 68 = 0. What is the tens digit of m?
3
Suppose -4*d = -24*x + 21*x - 8152, -3*d + 4*x = -6114. What is the units digit of d?
8
Let v = -115 - -203. Let l = v - 45. What is the units digit of l?
3
Let z(m) = 3*m**3 + 14*m + 3. What is the hundreds digit of z(6)?
7
Suppose o + 0*w = w + 13, 0 = 3*o + w - 39. Suppose 4 - o = 3*s. What is the units digit of (-60)/(-18) + s/9?
3
Let m(c) = 0*c**2 + 2*c**2 + 6 + 12 - c**2. Let f be m(0). Suppose o = n - 24, -2*n + f = o - 18. What is the tens digit of n?
2
Suppose -4*q = -d + 2 - 9, 4*q - 22 = -2*d. Suppose 5*s + 4*l = l + 35, -4*s + 41 = d*l. Suppose -s*x = -9*x + 65. What is the tens digit of x?
1
Let r(o) = -23*o - 111. Let x be r(-5). Let s(v) = 3*v**3 - 2*v**2 - v + 4. Let z be s(4). Suppose x*y - z = -y. What is the units digit of y?
2
Let z be (-1 + 19)/(3 + 68/(-24)). Let p = z - 26. What is the tens digit of p?
8
Let r(t) = t**3 - 5*t**2 + 6*t - 6. Let w(o) = 4*o. Let g be w(1). Let u be r(g). Suppose -3*b + b - 149 = -5*h, 0 = -h - u*b + 37. What is the tens digit of h?
3
Let j = -19 + 37. Suppose -4*m + 2 = -j. Suppose -6 = -m*n - 2*l, 2*n + 2*n - 4 = -2*l. What is the units digit of n?
2
Let t = 53 - 22. Suppose -77 = -k - t. What is the units digit of k?
6
Suppose -5*w = 4*l - 2524, -2*w - 591 - 689 = -2*l. What is the units digit of l?
6
Let x(k) = 2*k + 4*k**2 + k**3 - 22 - 2*k**3 + 8*k**2. What is the units digit of x(12)?
2
Suppose -3*o - 3*k + 8712 = -1932, 0 = 5*o + k - 17736. What is the thousands digit of o?
3
Suppose -2*o = 2 + 6, 2375 = 3*y + 4*o. What is the hundreds digit of y?
7
Let d(h) = -22*h + 11. Let l be (4 - 26)*1/2. What is the hundreds digit of d(l)?
2
Let o = 5 - 3. Suppose 4*d - 8 = -0*d. Suppose -5*j = d*c - c - 204, -96 = -o*j - 4*c. What is the units digit of j?
0
Let t(d) = 30*d**2 - 55*d + 3. What is the hundreds digit of t(-4)?
7
Let s(x) = -x**3 - 2*x**2 + 5*x + 258. What is the tens digit of s(0)?
5
What is the hundreds digit of (19*-8 + -4)*(-477)/36?
0
Suppose 5*m = 4810 + 870. What is the thousands digit of m?
1
Suppose 4*p = 2*p + 420. What is the units digit of p?
0
Let v be (-4232)/56 + 6/(-14). Let i = v + -32. Let q = -54 - i. What is the tens digit of q?
5
Suppose -2*n - 37 = -103. Let h = n + -47. What is the tens digit of (-4)/h - 152/(-7)?
2
Let g(s) = s**3 + 35*s**2 - 25*s + 52. What is the tens digit of g(-35)?
2
Let d be (-8690)/(-20) + (1/(-2))/(-1). Suppose -1425 = -6*q + d. What is the units digit of q?
0
Let u = -18 - -100. Let a = u - 56. What is the tens digit of a?
2
Suppose -5*c = t + 7 + 10, -4*t - 2 = -2*c. Let k(s) = -9*s**2 + 2*s - 1. Let b be k(3). What is the tens digit of c/((-2)/(b/(-3)))?
3
Suppose -4*u + 4*q + 2180 = 0, -5*q = -4*u - 6*q + 2200. What is the hundreds digit of u?
5
Suppose 7*t - 1995 = -287. What is the hundreds digit of (11/(-2) + 5)/((-1)/t)?
1
Let v(a) = 40*a + 12. Let h be v(4). Suppose -8*k = -12*k + h. What is the tens digit of k?
4
Let n(k) = -3*k**3 - 2*k + 3. Let l be n(-6). Let g be l/(-26)*4/(-6). What is the tens digit of (0 - g)*(-6 - -5)?
1
Let w be 7 + 1/1 - 2. Suppose -y = 41 - 49. Let a = y - w. What is the units digit of a?
2
Let b(i) = 2 - 6*i + 8*i + i**2 - i + 2*i**2. Let z(m) = m**3 - 5*m**2 + 6*m - 5. Let x be z(4). What is the units digit of b(x)?
2
Let q = -42 - -42. Suppose -g + 205 = 2*h + 2*g, 5*h - 3*g - 460 = q. What is the tens digit of h?
9
Let c(z) = -2*z**2 + 6*z - 6. Let p be c(3). Let f(b) = -b - 4. Let k be 